e remainder when 121 is divided by 43?
35
Calculate the remainder when 54 is divided by 7.
5
Calculate the remainder when 188 is divided by 59.
11
Calculate the remainder when 32 is divided by 30.
2
Calculate the remainder when 414 is divided by 234.
180
What is the remainder when 62 is divided by 34?
28
Calculate the remainder when 584 is divided by 42.
38
What is the remainder when 2034 is divided by 60?
54
What is the remainder when 1244 is divided by 156?
152
Calculate the remainder when 16 is divided by 9.
7
Calculate the remainder when 156 is divided by 90.
66
What is the remainder when 52 is divided by 38?
14
What is the remainder when 3019 is divided by 53?
51
Calculate the remainder when 638 is divided by 80.
78
Calculate the remainder when 180 is divided by 128.
52
What is the remainder when 774 is divided by 343?
88
Calculate the remainder when 70 is divided by 8.
6
What is the remainder when 1423 is divided by 287?
275
What is the remainder when 88 is divided by 14?
4
What is the remainder when 1483 is divided by 11?
9
What is the remainder when 628 is divided by 33?
1
What is the remainder when 724 is divided by 121?
119
Calculate the remainder when 345 is divided by 85.
5
What is the remainder when 234 is divided by 9?
0
Calculate the remainder when 70 is divided by 23.
1
Calculate the remainder when 1025 is divided by 54.
53
Calculate the remainder when 694 is divided by 29.
27
What is the remainder when 1527 is divided by 759?
9
What is the remainder when 440 is divided by 13?
11
Calculate the remainder when 1117 is divided by 138.
13
What is the remainder when 1627 is divided by 22?
21
What is the remainder when 26 is divided by 24?
2
What is the remainder when 516 is divided by 173?
170
What is the remainder when 151 is divided by 40?
31
Calculate the remainder when 403 is divided by 46.
35
What is the remainder when 3853 is divided by 14?
3
What is the remainder when 33 is divided by 9?
6
What is the remainder when 85 is divided by 7?
1
Calculate the remainder when 1346 is divided by 227.
211
What is the remainder when 138 is divided by 43?
9
Calculate the remainder when 116 is divided by 9.
8
What is the remainder when 67 is divided by 24?
19
Calculate the remainder when 176 is divided by 79.
18
Calculate the remainder when 4328 is divided by 117.
116
Calculate the remainder when 559 is divided by 20.
19
What is the remainder when 219 is divided by 46?
35
What is the remainder when 1051 is divided by 81?
79
What is the remainder when 63 is divided by 17?
12
Calculate the remainder when 1368 is divided by 228.
0
What is the remainder when 1870 is divided by 8?
6
Calculate the remainder when 1556 is divided by 43.
8
Calculate the remainder when 1087 is divided by 64.
63
What is the remainder when 25 is divided by 15?
10
Calculate the remainder when 317 is divided by 119.
79
What is the remainder when 762 is divided by 17?
14
Calculate the remainder when 304 is divided by 18.
16
What is the remainder when 1005 is divided by 56?
53
What is the remainder when 27673 is divided by 101?
100
What is the remainder when 1134 is divided by 242?
166
Calculate the remainder when 361 is divided by 13.
10
Calculate the remainder when 810 is divided by 14.
12
Calculate the remainder when 154 is divided by 23.
16
Calculate the remainder when 520 is divided by 58.
56
Calculate the remainder when 329 is divided by 115.
99
What is the remainder when 101 is divided by 18?
11
What is the remainder when 522 is divided by 21?
18
Calculate the remainder when 46 is divided by 24.
22
Calculate the remainder when 169 is divided by 92.
77
What is the remainder when 101 is divided by 13?
10
Calculate the remainder when 839 is divided by 42.
41
Calculate the remainder when 774 is divided by 12.
6
Calculate the remainder when 66 is divided by 34.
32
What is the remainder when 408 is divided by 15?
3
What is the remainder when 62 is divided by 47?
15
Calculate the remainder when 9 is divided by 5.
4
Calculate the remainder when 1013 is divided by 59.
10
What is the remainder when 488 is divided by 245?
243
What is the remainder when 250 is divided by 32?
26
What is the remainder when 1465 is divided by 377?
334
What is the remainder when 120 is divided by 49?
22
What is the remainder when 285 is divided by 12?
9
Calculate the remainder when 35 is divided by 14.
7
What is the remainder when 681 is divided by 15?
6
Calculate the remainder when 849 is divided by 300.
249
What is the remainder when 12 is divided by 7?
5
Calculate the remainder when 739 is divided by 161.
95
Calculate the remainder when 1528 is divided by 139.
138
Calculate the remainder when 6164 is divided by 267.
23
What is the remainder when 29 is divided by 29?
0
Calculate the remainder when 449 is divided by 18.
17
Calculate the remainder when 8478 is divided by 80.
78
Calculate the remainder when 688 is divided by 115.
113
What is the remainder when 208 is divided by 94?
20
What is the remainder when 821 is divided by 407?
7
Calculate the remainder when 638 is divided by 71.
70
Calculate the remainder when 11539 is divided by 2884.
3
What is the remainder when 630 is divided by 160?
150
Calculate the remainder when 1053 is divided by 31.
30
Calculate the remainder when 63 is divided by 17.
12
What is the remainder when 116 is divided by 33?
17
What is the remainder when 1859 is divided by 49?
46
What is the remainder when 786 is divided by 183?
54
What is the remainder when 296 is divided by 144?
8
What is the remainder when 827 is divided by 231?
134
Calculate the remainder when 57 is divided by 27.
3
Calculate the remainder when 5426 is divided by 15.
11
What is the remainder when 62 is divided by 23?
16
What is the remainder when 24 is divided by 2?
0
What is the remainder when 223 is divided by 75?
73
What is the remainder when 37 is divided by 15?
7
Calculate the remainder when 86 is divided by 8.
6
What is the remainder when 7903 is divided by 104?
103
What is the remainder when 712 is divided by 10?
2
What is the remainder when 643 is divided by 38?
35
Calculate the remainder when 203 is divided by 21.
14
Calculate the remainder when 1253 is divided by 74.
69
What is the remainder when 6997 is divided by 5?
2
Calculate the remainder when 1242 is divided by 14.
10
Calculate the remainder when 255 is divided by 43.
40
Calculate the remainder when 581 is divided by 551.
30
What is the remainder when 732 is divided by 68?
52
What is the remainder when 1301 is divided by 330?
311
What is the remainder when 6331 is divided by 181?
177
Calculate the remainder when 1651 is divided by 330.
1
Calculate the remainder when 1202 is divided by 121.
113
What is the remainder when 19974 is divided by 44?
42
Calculate the remainder when 2746 is divided by 41.
40
What is the remainder when 571 is divided by 146?
133
Calculate the remainder when 13725 is divided by 429.
426
Calculate the remainder when 83 is divided by 59.
24
What is the remainder when 2410 is divided by 19?
16
What is the remainder when 227 is divided by 69?
20
Calculate the remainder when 36 is divided by 32.
4
Calculate the remainder when 425 is divided by 135.
20
What is the remainder when 62 is divided by 8?
6
Calculate the remainder when 1005 is divided by 36.
33
What is the remainder when 259 is divided by 81?
16
What is the remainder when 689 is divided by 69?
68
Calculate the remainder when 438 is divided by 136.
30
What is the remainder when 1739 is divided by 67?
64
What is the remainder when 62369 is divided by 22?
21
What is the remainder when 345 is divided by 22?
15
What is the remainder when 1950 is divided by 216?
6
What is the remainder when 107 is divided by 30?
17
What is the remainder when 1838 is divided by 10?
8
What is the remainder when 83 is divided by 48?
35
What is the remainder when 326 is divided by 47?
44
What is the remainder when 3275 is divided by 13?
12
Calculate the remainder when 327 is divided by 108.
3
What is the remainder when 206 is divided by 11?
8
Calculate the remainder when 454 is divided by 253.
201
What is the remainder when 374 is divided by 14?
10
What is the remainder when 3445 is divided by 119?
113
What is the remainder when 143 is divided by 31?
19
Calculate the remainder whe